 12.
5
-17 (base 9) to base 13
-13
Convert 1 (base 5) to base 14.
1
1100 (base 2) to base 10
12
What is 69 (base 10) in base 8?
105
Convert 7 (base 13) to base 4.
13
Convert 8 (base 10) to base 9.
8
-4 (base 9) to base 3
-11
What is 3 (base 7) in base 16?
3
-2213 (base 4) to base 2
-10100111
What is 6 (base 16) in base 9?
6
What is 0 (base 8) in base 2?
0
What is 2 (base 11) in base 8?
2
What is -5 (base 7) in base 16?
-5
Convert -4 (base 10) to base 12.
-4
12 (base 8) to base 12
a
What is -60 (base 14) in base 12?
-70
What is -4 (base 10) in base 4?
-10
Convert -3 (base 9) to base 12.
-3
What is 12 (base 8) in base 13?
a
Convert -1 (base 4) to base 8.
-1
Convert -9 (base 14) to base 9.
-10
9 (base 11) to base 7
12
-2a (base 11) to base 14
-24
Convert 0 (base 14) to base 10.
0
Convert -1b (base 13) to base 11.
-22
What is -1a (base 16) in base 5?
-101
-101 (base 2) to base 9
-5
Convert -11 (base 4) to base 15.
-5
Convert -5 (base 10) to base 12.
-5
142 (base 6) to base 14
46
Convert -b (base 14) to base 3.
-102
1 (base 14) to base 6
1
4b (base 15) to base 16
47
Convert 1 (base 14) to base 13.
1
1e (base 15) to base 9
32
Convert -101 (base 2) to base 10.
-5
-1 (base 13) to base 11
-1
What is -1 (base 3) in base 15?
-1
Convert 12 (base 11) to base 7.
16
What is 66 (base 16) in base 9?
123
Convert 11110 (base 2) to base 9.
33
5 (base 11) to base 16
5
Convert 157 (base 10) to base 12.
111
Convert -12 (base 4) to base 14.
-6
Convert -30 (base 12) to base 9.
-40
-15 (base 7) to base 16
-c
-1 (base 7) to base 12
-1
What is 10100 (base 2) in base 9?
22
131 (base 5) to base 8
51
-510 (base 6) to base 12
-136
What is -92 (base 12) in base 14?
-7c
3 (base 6) to base 14
3
Convert 10 (base 2) to base 14.
2
Convert -118 (base 9) to base 7.
-200
Convert 15a (base 13) to base 15.
114
Convert 3 (base 5) to base 9.
3
15 (base 6) to base 9
12
1 (base 8) to base 12
1
0 (base 4) to base 2
0
Convert -5 (base 14) to base 8.
-5
-1a (base 13) to base 7
-32
4 (base 5) to base 4
10
Convert -9 (base 16) to base 2.
-1001
101 (base 2) to base 5
10
Convert 1001101 (base 2) to base 10.
77
-1 (base 4) to base 10
-1
1010 (base 2) to base 9
11
What is 24 (base 13) in base 16?
1e
Convert -7 (base 16) to base 13.
-7
100001 (base 2) to base 16
21
4d (base 15) to base 13
58
What is -68 (base 15) in base 2?
-1100010
Convert -2 (base 5) to base 15.
-2
Convert 3 (base 13) to base 2.
11
What is -10101 (base 2) in base 14?
-17
403 (base 7) to base 15
d4
-4 (base 5) to base 16
-4
3 (base 10) to base 14
3
What is 1 (base 5) in base 9?
1
12 (base 12) to base 13
11
-61 (base 15) to base 11
-83
0 (base 16) to base 2
0
What is 12 (base 14) in base 8?
20
Convert -3 (base 13) to base 6.
-3
What is 13 (base 9) in base 10?
12
Convert 2 (base 10) to base 11.
2
What is -110 (base 2) in base 13?
-6
What is -81 (base 10) in base 7?
-144
Convert 0 (base 10) to base 14.
0
What is 15d (base 14) in base 3?
101100
What is -35 (base 9) in base 8?
-40
Convert 10100000 (base 2) to base 13.
c4
-217 (base 8) to base 3
-12022
What is -1121 (base 3) in base 16?
-2b
Convert 6 (base 13) to base 5.
11
11001 (base 2) to base 14
1b
12 (base 5) to base 3
21
What is -5 (base 14) in base 2?
-101
What is -36 (base 9) in base 12?
-29
Convert -a (base 13) to base 14.
-a
Convert 21 (base 7) to base 13.
12
What is -1110110 (base 2) in base 11?
-a8
What is -2 (base 3) in base 11?
-2
-1b0 (base 13) to base 11
-264
What is 5 (base 9) in base 6?
5
53 (base 12) to base 9
70
47 (base 9) to base 11
3a
Convert -12021 (base 3) to base 6.
-354
What is -1 (base 16) in base 14?
-1
-3 (base 5) to base 14
-3
What is 4 (base 12) in base 10?
4
What is -50 (base 8) in base 6?
-104
What is d (base 15) in base 12?
11
Convert 7 (base 14) to base 5.
12
Convert 1 (base 6) to base 7.
1
Convert 1011100 (base 2) to base 16.
5c
-2012 (base 5) to base 9
-315
Convert -17 (base 15) to base 16.
-16
-9 (base 14) to base 10
-9
Convert -14 (base 15) to base 8.
-23
What is -2 (base 15) in base 16?
-2
440 (base 5) to base 8
170
What is 97 (base 10) in base 14?
6d
What is 10 (base 5) in base 13?
5
-53 (base 16) to base 5
-313
What is 107 (base 10) in base 4?
1223
Convert -122 (base 6) to base 14.
-38
17 (base 8) to base 12
13
Convert -112 (base 14) to base 2.
-11010100
What is 1302 (base 4) in base 13?
8a
104 (base 13) to base 16
ad
19 (base 11) to base 7
26
What is -6 (base 15) in base 5?
-11
What is -1 (base 7) in base 6?
-1
5 (base 15) to base 5
10
What is 10 (base 3) in base 10?
3
Convert 534 (base 6) to base 10.
202
What is -105 (base 6) in base 2?
-101001
-10 (base 3) to base 9
-3
Convert 14 (base 11) to base 7.
21
Convert 24 (base 8) to base 16.
14
Convert a (base 11) to base 5.
20
-13 (base 4) to base 10
-7
Convert -110 (base 3) to base 14.
-c
1b (base 14) to base 10
25
What is -15 (base 8) in base 4?
-31
f (base 16) to base 14
11
What is -21122 (base 3) in base 15?
-db
Convert -211 (base 4) to base 12.
-31
20 (base 5) to base 11
a
What is -210 (base 7) in base 2?
-1101001
30 (base 8) to base 4
120
-28 (base 12) to base 11
-2a
What is -121 (base 4) in base 9?
-27
-42 (base 7) to base 6
-50
7 (base 8) to base 11
7
What is 3 (base 15) in base 13?
3
What is 11 (base 2) in base 10?
3
-3 (base 11) to base 6
-3
What is 2121 (base 3) in base 8?
106
What is 0 (base 16) in base 11?
0
What is -1 (base 6) in base 8?
-1
What is 0 (base 4) in base 6?
0
What is -37 (base 8) in base 13?
-25
What is 9b (base 13) in base 8?
200
What is -4 (base 7) in base 13?
-4
441 (base 5) to base 3
11111
What is -2 (base 16) in base 12?
-2
Convert -101110 (base 2) to base 12.
-3a
-27 (base 16) to base 9
-43
-115 (base 7) to base 4
-331
-1333 (base 4) to base 10
-127
What is 1c (base 14) in base 11?
24
What is 0 (base 8) in base 10?
0
What is 8 (base 9) in base 13?
8
1 (base 16) to base 9
1
What is 5 (base 12) in base 16?
5
-1001 (base 3) to base 7
-40
6 (base 7) to base 8
6
What is 11 (base 7) in base 14?
8
What is -10222 (base 3) in base 8?
-153
What is 10 (base 12) in base 9?
13
What is -3 (base 5) in base 8?
-3
-5d (base 16) to base 3
-10110
-23 (base 5) to base 8
-15
What is -47 (base 15) in base 9?
-74
What is -1a (base 16) in base 2?
-11010
-42 (base 14) to base 7
-112
Convert 1 (base 16) to base 3.
1
Convert 49 (base 10) to base 7.
100
-57 (base 16) to base 4
-1113
Convert -31 (base 12) to base 3.
-1101
Convert 1313 (base 4) to base 12.
9b
Convert 10 (base 5) to base 10.
5
What is 2 (base 14) in base 13?
2
What is -10 (base 2) in base 5?
-2
Convert -32 (base 4) to base 5.
-24
What is -12 (base 3) in base 12?
-5
What is -15 (base 11) in base 12?
-14
Convert 2 (base 5) to base 11.
2
What is 3 (base 12) in base 7?
3
Convert 0 (base 4) to base 3.
0
Convert -110 (base 10) to base 9.
-132
Convert 22 (base 3) to base 13.
8
What is -30 (base 15) in base 5?
-140
What is 4 (base 6) in base 2?
100
Convert 13 (base 15) to base 12.
16
Convert 5 (base 13) to base 12.
5
3 (base 14) to base 5
3
What is 20 (base 16) in base 11?
2a
-11 (base 11) to base 4
-30
0 (base 7) to base 2
0
What is 331 (base 6) in base 15?
87
-10 (base 4) to base 16
-4
What is 90 (base 16) in base 13?
b1
What is 2 (base 3) in base 6?
2
1 (base 12) to base 16
1
Convert -7 (base 8) to base 10.
-7
Convert -1 (base 2) to base 6.
-1
123 (base 5) to base 6
102
11 (base 2) to base 3
10
42 (base 12) to base 5
200
What is 32 (base 9) in base 14?
21
Convert -111 (base 4) to base 3.
-210
-29 (base 14) to base 9
-41
3 (base 10) to base 4
3
1 (base 7) to base 12
1
Convert -5 (base 12) to base 14.
-5
Convert -102 (base 3) to base 15.
-b
Convert -8 (base 10) to base 11.
-8
Convert 11 (base 3) to base 8.
4
What is -44 (base 6) in base 11?
-26
-b (base 13) to base 10
-11
What is -20 (base 4) in base 6?
-12
Convert -5 (base 6) to base 9.
-5
-34 (base 5) to base 15
-14
Convert -15 (base 16) to base 14.
-17
76 (base 9) to base 3
2120
4 (base 7) to base 6
4
5 (base 11) to base 12
5
What is 111 (base 3) in base 13?
10
What is -3 (base 13) in base 12?
-3
30 (base 8) to base 7
33
Convert 60 (base 9) to base 7.
105
Convert 4 (base 5) to base 13.
4
What is 25 (base 8) in base 2?
10101
-11111 (base 2) to base 9
-34
What is -143 (base 7) in base 9?
-88
Convert 82 (base 11) to base 3.
10100
-1 (base 3) to base 10
-1
What is 0 (base 4) in base